{"id":113,"date":"2022-07-11T14:41:55","date_gmt":"2022-07-11T12:41:55","guid":{"rendered":"https:\/\/5.148.165.27\/plesk-site-preview\/www.amberg-zahnaerzte.ch\/https\/5.148.165.27?page_id=113"},"modified":"2023-01-21T11:40:45","modified_gmt":"2023-01-21T10:40:45","slug":"angstpatient-innen","status":"publish","type":"page","link":"https:\/\/www.amberg-zahnaerzte.ch\/relaunch\/patienten\/angstpatient-innen\/","title":{"rendered":"Angstpatient\/-innen"},"content":{"rendered":"\n<h2>Auf die sanfte Tour<\/h2>\n\n\n\n<p>Wir nehmen uns viel Zeit und suchen mit Patientinnen und Patienten nach Wegen, um ihnen den Gang in unsere Praxis zu erleichtern. Die An\u00e4sthesierungs- und\/oder Behandlungsmethode gestalten wir individuell so vertr\u00e4glich wie nur m\u00f6glich. <\/p>\n\n\n\n<p>Das kann beispielsweise eine Behandlung unter Hypnose sein; sie geschieht in einem Zustand der Ruhe und Entspannung. Man schl\u00e4ft nicht, sondern wird durch die Stimme des Therapeuten begleitet. Der Hypnotisand (Patient) wird dadurch in einen Zustand einer erh\u00f6hten, aber entspannten Aufmerksamkeit \u2013 einen Trance-Zustand \u2013 gef\u00fchrt. In diesem geistigen Zustand ist man nicht manipulierbar oder willenlos. Wir \u00fcben diese Trance oft vor der eigentlichen zahn\u00e4rztlichen Zahnbehandlung, damit der Patient sp\u00fcrt, ob diese Methode der richtige Weg ist, um seine Angst zu \u00fcberwinden.<\/p>\n","protected":false},"excerpt":{"rendered":"<p>Auf die sanfte Tour Wir nehmen uns viel Zeit und suchen mit Patientinnen und Patienten nach Wegen, um ihnen den Gang in unsere Praxis zu erleichtern. Die An\u00e4sthesierungs- und\/oder Behandlungsmethode gestalten wir individuell so vertr\u00e4glich wie nur m\u00f6glich. Das kann beispielsweise eine Behandlung unter Hypnose sein; sie geschieht in einem Zustand der Ruhe und Entspannung. [&hellip;]<\/p>\n","protected":false},"author":2,"featured_media":729,"parent":72,"menu_order":0,"comment_status":"closed","ping_status":"closed","template":"","meta":[],"acf":[],"yoast_head":"<!-- This site is optimized with the Yoast SEO plugin v20.1 - https:\/\/yoast.com\/wordpress\/plugins\/seo\/ -->\n<title>Angstpatient\/-innen &bull; Amberg Zahn\u00e4rzte<\/title>\n<meta name=\"description\" content=\"Wir verstehen und respektieren Ihre Unsicherheit vor dem Zahnarztbesuch. Mit Geduld, Beratung und Einf\u00fchlverm\u00f6gen f\u00fchren wir Sie sanft an die Behandlung heran.\" \/>\n<meta name=\"robots\" content=\"index, follow, max-snippet:-1, max-image-preview:large, max-video-preview:-1\" \/>\n<link rel=\"canonical\" href=\"https:\/\/www.amberg-zahnaerzte.ch\/relaunch\/patienten\/angstpatient-innen\/\" \/>\n<meta property=\"og:locale\" content=\"de_DE\" \/>\n<meta property=\"og:type\" content=\"article\" \/>\n<meta property=\"og:title\" content=\"Angstpatient\/-innen &bull; Amberg Zahn\u00e4rzte\" \/>\n<meta property=\"og:description\" content=\"Wir verstehen und respektieren Ihre Unsicherheit vor dem Zahnarztbesuch. Mit Geduld, Beratung und Einf\u00fchlverm\u00f6gen f\u00fchren wir Sie sanft an die Behandlung heran.\" \/>\n<meta property=\"og:url\" content=\"https:\/\/www.amberg-zahnaerzte.ch\/relaunch\/patienten\/angstpatient-innen\/\" \/>\n<meta property=\"og:site_name\" content=\"Amberg Zahn\u00e4rzte\" \/>\n<meta property=\"article:modified_time\" content=\"2023-01-21T10:40:45+00:00\" \/>\n<meta property=\"og:image\" content=\"https:\/\/www.amberg-zahnaerzte.ch\/relaunch\/wp-content\/uploads\/Angstpatienten_Titelbild.jpg\" \/>\n\t<meta property=\"og:image:width\" content=\"1814\" \/>\n\t<meta property=\"og:image:height\" content=\"1210\" \/>\n\t<meta property=\"og:image:type\" content=\"image\/jpeg\" \/>\n<meta name=\"twitter:card\" content=\"summary_large_image\" \/>\n<meta name=\"twitter:label1\" content=\"Est. reading time\" \/>\n\t<meta name=\"twitter:data1\" content=\"1 Minute\" \/>\n<script type=\"application\/ld+json\" class=\"yoast-schema-graph\">{\"@context\":\"https:\/\/schema.org\",\"@graph\":[{\"@type\":\"WebPage\",\"@id\":\"https:\/\/www.amberg-zahnaerzte.ch\/relaunch\/patienten\/angstpatient-innen\/\",\"url\":\"https:\/\/www.amberg-zahnaerzte.ch\/relaunch\/patienten\/angstpatient-innen\/\",\"name\":\"Angstpatient\/-innen &bull; Amberg Zahn\u00e4rzte\",\"isPartOf\":{\"@id\":\"https:\/\/www.amberg-zahnaerzte.ch\/relaunch\/#website\"},\"datePublished\":\"2022-07-11T12:41:55+00:00\",\"dateModified\":\"2023-01-21T10:40:45+00:00\",\"description\":\"Wir verstehen und respektieren Ihre Unsicherheit vor dem Zahnarztbesuch. Mit Geduld, Beratung und Einf\u00fchlverm\u00f6gen f\u00fchren wir Sie sanft an die Behandlung heran.\",\"breadcrumb\":{\"@id\":\"https:\/\/www.amberg-zahnaerzte.ch\/relaunch\/patienten\/angstpatient-innen\/#breadcrumb\"},\"inLanguage\":\"de-CH\",\"potentialAction\":[{\"@type\":\"ReadAction\",\"target\":[\"https:\/\/www.amberg-zahnaerzte.ch\/relaunch\/patienten\/angstpatient-innen\/\"]}]},{\"@type\":\"BreadcrumbList\",\"@id\":\"https:\/\/www.amberg-zahnaerzte.ch\/relaunch\/patienten\/angstpatient-innen\/#breadcrumb\",\"itemListElement\":[{\"@type\":\"ListItem\",\"position\":1,\"name\":\"Home\",\"item\":\"https:\/\/www.amberg-zahnaerzte.ch\/relaunch\/\"},{\"@type\":\"ListItem\",\"position\":2,\"name\":\"Patienten\",\"item\":\"https:\/\/www.amberg-zahnaerzte.ch\/relaunch\/patienten\/\"},{\"@type\":\"ListItem\",\"position\":3,\"name\":\"Angstpatient\/-innen\"}]},{\"@type\":\"WebSite\",\"@id\":\"https:\/\/www.amberg-zahnaerzte.ch\/relaunch\/#website\",\"url\":\"https:\/\/www.amberg-zahnaerzte.ch\/relaunch\/\",\"name\":\"Amberg Zahn\u00e4rzte\",\"description\":\"\",\"publisher\":{\"@id\":\"https:\/\/www.amberg-zahnaerzte.ch\/relaunch\/#organization\"},\"potentialAction\":[{\"@type\":\"SearchAction\",\"target\":{\"@type\":\"EntryPoint\",\"urlTemplate\":\"https:\/\/www.amberg-zahnaerzte.ch\/relaunch\/?s={search_term_string}\"},\"query-input\":\"required name=search_term_string\"}],\"inLanguage\":\"de-CH\"},{\"@type\":\"Organization\",\"@id\":\"https:\/\/www.amberg-zahnaerzte.ch\/relaunch\/#organization\",\"name\":\"Amberg Zahn\u00e4rzte\",\"url\":\"https:\/\/www.amberg-zahnaerzte.ch\/relaunch\/\",\"logo\":{\"@type\":\"ImageObject\",\"inLanguage\":\"de-CH\",\"@id\":\"https:\/\/www.amberg-zahnaerzte.ch\/relaunch\/#\/schema\/logo\/image\/\",\"url\":\"https:\/\/www.amberg-zahnaerzte.ch\/wp-content\/uploads\/logo_amberg.svg\",\"contentUrl\":\"https:\/\/www.amberg-zahnaerzte.ch\/wp-content\/uploads\/logo_amberg.svg\",\"width\":1,\"height\":1,\"caption\":\"Amberg Zahn\u00e4rzte\"},\"image\":{\"@id\":\"https:\/\/www.amberg-zahnaerzte.ch\/relaunch\/#\/schema\/logo\/image\/\"}}]}<\/script>\n<!-- \/ Yoast SEO plugin. -->","yoast_head_json":{"title":"Angstpatient\/-innen &bull; Amberg Zahn\u00e4rzte","description":"Wir verstehen und respektieren Ihre Unsicherheit vor dem Zahnarztbesuch. Mit Geduld, Beratung und Einf\u00fchlverm\u00f6gen f\u00fchren wir Sie sanft an die Behandlung heran.","robots":{"index":"index","follow":"follow","max-snippet":"max-snippet:-1","max-image-preview":"max-image-preview:large","max-video-preview":"max-video-preview:-1"},"canonical":"https:\/\/www.amberg-zahnaerzte.ch\/relaunch\/patienten\/angstpatient-innen\/","og_locale":"de_DE","og_type":"article","og_title":"Angstpatient\/-innen &bull; Amberg Zahn\u00e4rzte","og_description":"Wir verstehen und respektieren Ihre Unsicherheit vor dem Zahnarztbesuch. Mit Geduld, Beratung und Einf\u00fchlverm\u00f6gen f\u00fchren wir Sie sanft an die Behandlung heran.","og_url":"https:\/\/www.amberg-zahnaerzte.ch\/relaunch\/patienten\/angstpatient-innen\/","og_site_name":"Amberg Zahn\u00e4rzte","article_modified_time":"2023-01-21T10:40:45+00:00","og_image":[{"width":1814,"height":1210,"url":"https:\/\/www.amberg-zahnaerzte.ch\/relaunch\/wp-content\/uploads\/Angstpatienten_Titelbild.jpg","type":"image\/jpeg"}],"twitter_card":"summary_large_image","twitter_misc":{"Est. reading time":"1 Minute"},"schema":{"@context":"https:\/\/schema.org","@graph":[{"@type":"WebPage","@id":"https:\/\/www.amberg-zahnaerzte.ch\/relaunch\/patienten\/angstpatient-innen\/","url":"https:\/\/www.amberg-zahnaerzte.ch\/relaunch\/patienten\/angstpatient-innen\/","name":"Angstpatient\/-innen &bull; Amberg Zahn\u00e4rzte","isPartOf":{"@id":"https:\/\/www.amberg-zahnaerzte.ch\/relaunch\/#website"},"datePublished":"2022-07-11T12:41:55+00:00","dateModified":"2023-01-21T10:40:45+00:00","description":"Wir verstehen und respektieren Ihre Unsicherheit vor dem Zahnarztbesuch. Mit Geduld, Beratung und Einf\u00fchlverm\u00f6gen f\u00fchren wir Sie sanft an die Behandlung heran.","breadcrumb":{"@id":"https:\/\/www.amberg-zahnaerzte.ch\/relaunch\/patienten\/angstpatient-innen\/#breadcrumb"},"inLanguage":"de-CH","potentialAction":[{"@type":"ReadAction","target":["https:\/\/www.amberg-zahnaerzte.ch\/relaunch\/patienten\/angstpatient-innen\/"]}]},{"@type":"BreadcrumbList","@id":"https:\/\/www.amberg-zahnaerzte.ch\/relaunch\/patienten\/angstpatient-innen\/#breadcrumb","itemListElement":[{"@type":"ListItem","position":1,"name":"Home","item":"https:\/\/www.amberg-zahnaerzte.ch\/relaunch\/"},{"@type":"ListItem","position":2,"name":"Patienten","item":"https:\/\/www.amberg-zahnaerzte.ch\/relaunch\/patienten\/"},{"@type":"ListItem","position":3,"name":"Angstpatient\/-innen"}]},{"@type":"WebSite","@id":"https:\/\/www.amberg-zahnaerzte.ch\/relaunch\/#website","url":"https:\/\/www.amberg-zahnaerzte.ch\/relaunch\/","name":"Amberg Zahn\u00e4rzte","description":"","publisher":{"@id":"https:\/\/www.amberg-zahnaerzte.ch\/relaunch\/#organization"},"potentialAction":[{"@type":"SearchAction","target":{"@type":"EntryPoint","urlTemplate":"https:\/\/www.amberg-zahnaerzte.ch\/relaunch\/?s={search_term_string}"},"query-input":"required name=search_term_string"}],"inLanguage":"de-CH"},{"@type":"Organization","@id":"https:\/\/www.amberg-zahnaerzte.ch\/relaunch\/#organization","name":"Amberg Zahn\u00e4rzte","url":"https:\/\/www.amberg-zahnaerzte.ch\/relaunch\/","logo":{"@type":"ImageObject","inLanguage":"de-CH","@id":"https:\/\/www.amberg-zahnaerzte.ch\/relaunch\/#\/schema\/logo\/image\/","url":"https:\/\/www.amberg-zahnaerzte.ch\/wp-content\/uploads\/logo_amberg.svg","contentUrl":"https:\/\/www.amberg-zahnaerzte.ch\/wp-content\/uploads\/logo_amberg.svg","width":1,"height":1,"caption":"Amberg Zahn\u00e4rzte"},"image":{"@id":"https:\/\/www.amberg-zahnaerzte.ch\/relaunch\/#\/schema\/logo\/image\/"}}]}},"_links":{"self":[{"href":"https:\/\/www.amberg-zahnaerzte.ch\/relaunch\/wp-json\/wp\/v2\/pages\/113"}],"collection":[{"href":"https:\/\/www.amberg-zahnaerzte.ch\/relaunch\/wp-json\/wp\/v2\/pages"}],"about":[{"href":"https:\/\/www.amberg-zahnaerzte.ch\/relaunch\/wp-json\/wp\/v2\/types\/page"}],"author":[{"embeddable":true,"href":"https:\/\/www.amberg-zahnaerzte.ch\/relaunch\/wp-json\/wp\/v2\/users\/2"}],"replies":[{"embeddable":true,"href":"https:\/\/www.amberg-zahnaerzte.ch\/relaunch\/wp-json\/wp\/v2\/comments?post=113"}],"version-history":[{"count":3,"href":"https:\/\/www.amberg-zahnaerzte.ch\/relaunch\/wp-json\/wp\/v2\/pages\/113\/revisions"}],"predecessor-version":[{"id":1689,"href":"https:\/\/www.amberg-zahnaerzte.ch\/relaunch\/wp-json\/wp\/v2\/pages\/113\/revisions\/1689"}],"up":[{"embeddable":true,"href":"https:\/\/www.amberg-zahnaerzte.ch\/relaunch\/wp-json\/wp\/v2\/pages\/72"}],"wp:featuredmedia":[{"embeddable":true,"href":"https:\/\/www.amberg-zahnaerzte.ch\/relaunch\/wp-json\/wp\/v2\/media\/729"}],"wp:attachment":[{"href":"https:\/\/www.amberg-zahnaerzte.ch\/relaunch\/wp-json\/wp\/v2\/media?parent=113"}],"curies":[{"name":"wp","href":"https:\/\/api.w.org\/{rel}","templated":true}]}}