{"id":133,"date":"2022-07-11T14:48:36","date_gmt":"2022-07-11T12:48:36","guid":{"rendered":"https:\/\/5.148.165.27\/plesk-site-preview\/www.amberg-zahnaerzte.ch\/https\/5.148.165.27?page_id=133"},"modified":"2023-01-21T12:36:17","modified_gmt":"2023-01-21T11:36:17","slug":"kronen-bruecken","status":"publish","type":"page","link":"https:\/\/www.amberg-zahnaerzte.ch\/relaunch\/behandlungen\/kronen-bruecken\/","title":{"rendered":"Kronen &#038; Br\u00fccken"},"content":{"rendered":"\n<h2>F\u00fcr mehr Zusammenhalt<\/h2>\n\n\n\n<p>Kronen, Br\u00fccken oder Implantate sind in vielen F\u00e4llen die beste L\u00f6sung. Alle drei Techniken gelten als festsitzender Zahnersatz und haben eine Haltbarkeit von bis zu 20 und mehr Jahren. Mit einer \u00dcberkronung l\u00e4sst sich die Festigkeit von Z\u00e4hnen langfristig gew\u00e4hrleisten. Auch bei Kronen ist Vollkeramik das Material der Stunde, weil es gut vertr\u00e4glich ist und sich farblich an die eigenen Z\u00e4hne anpassen l\u00e4sst. Das Ergebnis sieht sehr nat\u00fcrlich aus und ist kaum von den gesunden Z\u00e4hnen zu unterscheiden.<\/p>\n\n\n\n<p>Unser Angebot:<\/p>\n\n\n\n<ul>\n<li>Metallfreie Keramikkronen und Br\u00fccken (Zirkonkeramik, CAD\/CAM)<\/li>\n\n\n\n<li>Porzellanschalen (Veneer)<\/li>\n\n\n\n<li>Keramikinlay<\/li>\n\n\n\n<li>Vollzirkon-Kronen<\/li>\n\n\n\n<li>Implantate zur Befestigung von Kronen, Br\u00fccken oder abnehmbaren Prothesen<\/li>\n\n\n\n<li>Vollst\u00e4ndiges Ersetzen von Vollprothesen durch Implantatbr\u00fccken<\/li>\n\n\n\n<li>Chirurgische Knochenerh\u00f6hung (Guided Bone Regeneration)<\/li>\n\n\n\n<li>Erweitern des Knochenangebotes im Oberkiefer (Sinuslift)<\/li>\n<\/ul>\n","protected":false},"excerpt":{"rendered":"<p>F\u00fcr mehr Zusammenhalt Kronen, Br\u00fccken oder Implantate sind in vielen F\u00e4llen die beste L\u00f6sung. Alle drei Techniken gelten als festsitzender Zahnersatz und haben eine Haltbarkeit von bis zu 20 und mehr Jahren. Mit einer \u00dcberkronung l\u00e4sst sich die Festigkeit von Z\u00e4hnen langfristig gew\u00e4hrleisten. Auch bei Kronen ist Vollkeramik das Material der Stunde, weil es gut [&hellip;]<\/p>\n","protected":false},"author":2,"featured_media":1060,"parent":73,"menu_order":25,"comment_status":"closed","ping_status":"closed","template":"","meta":[],"acf":[],"yoast_head":"<!-- This site is optimized with the Yoast SEO plugin v20.1 - https:\/\/yoast.com\/wordpress\/plugins\/seo\/ -->\n<title>Kronen &amp; Br\u00fccken &bull; Amberg Zahn\u00e4rzte<\/title>\n<meta name=\"description\" content=\"Auch wenn Ihr Zahnhalteapparat und Ihre Z\u00e4hne stark besch\u00e4digt sind, k\u00f6nnen wir mit Knochenaufbau, Br\u00fccken und Kronen Ihr Lachen zur\u00fcckbringen.\" \/>\n<meta name=\"robots\" content=\"index, follow, max-snippet:-1, max-image-preview:large, max-video-preview:-1\" \/>\n<link rel=\"canonical\" href=\"https:\/\/www.amberg-zahnaerzte.ch\/relaunch\/behandlungen\/kronen-bruecken\/\" \/>\n<meta property=\"og:locale\" content=\"de_DE\" \/>\n<meta property=\"og:type\" content=\"article\" \/>\n<meta property=\"og:title\" content=\"Kronen &amp; Br\u00fccken &bull; Amberg Zahn\u00e4rzte\" \/>\n<meta property=\"og:description\" content=\"Auch wenn Ihr Zahnhalteapparat und Ihre Z\u00e4hne stark besch\u00e4digt sind, k\u00f6nnen wir mit Knochenaufbau, Br\u00fccken und Kronen Ihr Lachen zur\u00fcckbringen.\" \/>\n<meta property=\"og:url\" content=\"https:\/\/www.amberg-zahnaerzte.ch\/relaunch\/behandlungen\/kronen-bruecken\/\" \/>\n<meta property=\"og:site_name\" content=\"Amberg Zahn\u00e4rzte\" \/>\n<meta property=\"article:modified_time\" content=\"2023-01-21T11:36:17+00:00\" \/>\n<meta property=\"og:image\" content=\"https:\/\/www.amberg-zahnaerzte.ch\/relaunch\/wp-content\/uploads\/Kronen_Bruecken-e1667900242756.jpg\" \/>\n\t<meta property=\"og:image:width\" content=\"1772\" \/>\n\t<meta property=\"og:image:height\" content=\"917\" \/>\n\t<meta property=\"og:image:type\" content=\"image\/jpeg\" \/>\n<meta name=\"twitter:card\" content=\"summary_large_image\" \/>\n<meta name=\"twitter:label1\" content=\"Est. reading time\" \/>\n\t<meta name=\"twitter:data1\" content=\"1 Minute\" \/>\n<script type=\"application\/ld+json\" class=\"yoast-schema-graph\">{\"@context\":\"https:\/\/schema.org\",\"@graph\":[{\"@type\":\"WebPage\",\"@id\":\"https:\/\/www.amberg-zahnaerzte.ch\/relaunch\/behandlungen\/kronen-bruecken\/\",\"url\":\"https:\/\/www.amberg-zahnaerzte.ch\/relaunch\/behandlungen\/kronen-bruecken\/\",\"name\":\"Kronen & Br\u00fccken &bull; Amberg Zahn\u00e4rzte\",\"isPartOf\":{\"@id\":\"https:\/\/www.amberg-zahnaerzte.ch\/relaunch\/#website\"},\"datePublished\":\"2022-07-11T12:48:36+00:00\",\"dateModified\":\"2023-01-21T11:36:17+00:00\",\"description\":\"Auch wenn Ihr Zahnhalteapparat und Ihre Z\u00e4hne stark besch\u00e4digt sind, k\u00f6nnen wir mit Knochenaufbau, Br\u00fccken und Kronen Ihr Lachen zur\u00fcckbringen.\",\"breadcrumb\":{\"@id\":\"https:\/\/www.amberg-zahnaerzte.ch\/relaunch\/behandlungen\/kronen-bruecken\/#breadcrumb\"},\"inLanguage\":\"de-CH\",\"potentialAction\":[{\"@type\":\"ReadAction\",\"target\":[\"https:\/\/www.amberg-zahnaerzte.ch\/relaunch\/behandlungen\/kronen-bruecken\/\"]}]},{\"@type\":\"BreadcrumbList\",\"@id\":\"https:\/\/www.amberg-zahnaerzte.ch\/relaunch\/behandlungen\/kronen-bruecken\/#breadcrumb\",\"itemListElement\":[{\"@type\":\"ListItem\",\"position\":1,\"name\":\"Home\",\"item\":\"https:\/\/www.amberg-zahnaerzte.ch\/relaunch\/\"},{\"@type\":\"ListItem\",\"position\":2,\"name\":\"Behandlungen\",\"item\":\"https:\/\/www.amberg-zahnaerzte.ch\/relaunch\/behandlungen\/\"},{\"@type\":\"ListItem\",\"position\":3,\"name\":\"Kronen &#038; Br\u00fccken\"}]},{\"@type\":\"WebSite\",\"@id\":\"https:\/\/www.amberg-zahnaerzte.ch\/relaunch\/#website\",\"url\":\"https:\/\/www.amberg-zahnaerzte.ch\/relaunch\/\",\"name\":\"Amberg Zahn\u00e4rzte\",\"description\":\"\",\"publisher\":{\"@id\":\"https:\/\/www.amberg-zahnaerzte.ch\/relaunch\/#organization\"},\"potentialAction\":[{\"@type\":\"SearchAction\",\"target\":{\"@type\":\"EntryPoint\",\"urlTemplate\":\"https:\/\/www.amberg-zahnaerzte.ch\/relaunch\/?s={search_term_string}\"},\"query-input\":\"required name=search_term_string\"}],\"inLanguage\":\"de-CH\"},{\"@type\":\"Organization\",\"@id\":\"https:\/\/www.amberg-zahnaerzte.ch\/relaunch\/#organization\",\"name\":\"Amberg Zahn\u00e4rzte\",\"url\":\"https:\/\/www.amberg-zahnaerzte.ch\/relaunch\/\",\"logo\":{\"@type\":\"ImageObject\",\"inLanguage\":\"de-CH\",\"@id\":\"https:\/\/www.amberg-zahnaerzte.ch\/relaunch\/#\/schema\/logo\/image\/\",\"url\":\"https:\/\/www.amberg-zahnaerzte.ch\/wp-content\/uploads\/logo_amberg.svg\",\"contentUrl\":\"https:\/\/www.amberg-zahnaerzte.ch\/wp-content\/uploads\/logo_amberg.svg\",\"width\":1,\"height\":1,\"caption\":\"Amberg Zahn\u00e4rzte\"},\"image\":{\"@id\":\"https:\/\/www.amberg-zahnaerzte.ch\/relaunch\/#\/schema\/logo\/image\/\"}}]}<\/script>\n<!-- \/ Yoast SEO plugin. -->","yoast_head_json":{"title":"Kronen & Br\u00fccken &bull; Amberg Zahn\u00e4rzte","description":"Auch wenn Ihr Zahnhalteapparat und Ihre Z\u00e4hne stark besch\u00e4digt sind, k\u00f6nnen wir mit Knochenaufbau, Br\u00fccken und Kronen Ihr Lachen zur\u00fcckbringen.","robots":{"index":"index","follow":"follow","max-snippet":"max-snippet:-1","max-image-preview":"max-image-preview:large","max-video-preview":"max-video-preview:-1"},"canonical":"https:\/\/www.amberg-zahnaerzte.ch\/relaunch\/behandlungen\/kronen-bruecken\/","og_locale":"de_DE","og_type":"article","og_title":"Kronen & Br\u00fccken &bull; Amberg Zahn\u00e4rzte","og_description":"Auch wenn Ihr Zahnhalteapparat und Ihre Z\u00e4hne stark besch\u00e4digt sind, k\u00f6nnen wir mit Knochenaufbau, Br\u00fccken und Kronen Ihr Lachen zur\u00fcckbringen.","og_url":"https:\/\/www.amberg-zahnaerzte.ch\/relaunch\/behandlungen\/kronen-bruecken\/","og_site_name":"Amberg Zahn\u00e4rzte","article_modified_time":"2023-01-21T11:36:17+00:00","og_image":[{"width":1772,"height":917,"url":"https:\/\/www.amberg-zahnaerzte.ch\/relaunch\/wp-content\/uploads\/Kronen_Bruecken-e1667900242756.jpg","type":"image\/jpeg"}],"twitter_card":"summary_large_image","twitter_misc":{"Est. reading time":"1 Minute"},"schema":{"@context":"https:\/\/schema.org","@graph":[{"@type":"WebPage","@id":"https:\/\/www.amberg-zahnaerzte.ch\/relaunch\/behandlungen\/kronen-bruecken\/","url":"https:\/\/www.amberg-zahnaerzte.ch\/relaunch\/behandlungen\/kronen-bruecken\/","name":"Kronen & Br\u00fccken &bull; Amberg Zahn\u00e4rzte","isPartOf":{"@id":"https:\/\/www.amberg-zahnaerzte.ch\/relaunch\/#website"},"datePublished":"2022-07-11T12:48:36+00:00","dateModified":"2023-01-21T11:36:17+00:00","description":"Auch wenn Ihr Zahnhalteapparat und Ihre Z\u00e4hne stark besch\u00e4digt sind, k\u00f6nnen wir mit Knochenaufbau, Br\u00fccken und Kronen Ihr Lachen zur\u00fcckbringen.","breadcrumb":{"@id":"https:\/\/www.amberg-zahnaerzte.ch\/relaunch\/behandlungen\/kronen-bruecken\/#breadcrumb"},"inLanguage":"de-CH","potentialAction":[{"@type":"ReadAction","target":["https:\/\/www.amberg-zahnaerzte.ch\/relaunch\/behandlungen\/kronen-bruecken\/"]}]},{"@type":"BreadcrumbList","@id":"https:\/\/www.amberg-zahnaerzte.ch\/relaunch\/behandlungen\/kronen-bruecken\/#breadcrumb","itemListElement":[{"@type":"ListItem","position":1,"name":"Home","item":"https:\/\/www.amberg-zahnaerzte.ch\/relaunch\/"},{"@type":"ListItem","position":2,"name":"Behandlungen","item":"https:\/\/www.amberg-zahnaerzte.ch\/relaunch\/behandlungen\/"},{"@type":"ListItem","position":3,"name":"Kronen &#038; Br\u00fccken"}]},{"@type":"WebSite","@id":"https:\/\/www.amberg-zahnaerzte.ch\/relaunch\/#website","url":"https:\/\/www.amberg-zahnaerzte.ch\/relaunch\/","name":"Amberg Zahn\u00e4rzte","description":"","publisher":{"@id":"https:\/\/www.amberg-zahnaerzte.ch\/relaunch\/#organization"},"potentialAction":[{"@type":"SearchAction","target":{"@type":"EntryPoint","urlTemplate":"https:\/\/www.amberg-zahnaerzte.ch\/relaunch\/?s={search_term_string}"},"query-input":"required name=search_term_string"}],"inLanguage":"de-CH"},{"@type":"Organization","@id":"https:\/\/www.amberg-zahnaerzte.ch\/relaunch\/#organization","name":"Amberg Zahn\u00e4rzte","url":"https:\/\/www.amberg-zahnaerzte.ch\/relaunch\/","logo":{"@type":"ImageObject","inLanguage":"de-CH","@id":"https:\/\/www.amberg-zahnaerzte.ch\/relaunch\/#\/schema\/logo\/image\/","url":"https:\/\/www.amberg-zahnaerzte.ch\/wp-content\/uploads\/logo_amberg.svg","contentUrl":"https:\/\/www.amberg-zahnaerzte.ch\/wp-content\/uploads\/logo_amberg.svg","width":1,"height":1,"caption":"Amberg Zahn\u00e4rzte"},"image":{"@id":"https:\/\/www.amberg-zahnaerzte.ch\/relaunch\/#\/schema\/logo\/image\/"}}]}},"_links":{"self":[{"href":"https:\/\/www.amberg-zahnaerzte.ch\/relaunch\/wp-json\/wp\/v2\/pages\/133"}],"collection":[{"href":"https:\/\/www.amberg-zahnaerzte.ch\/relaunch\/wp-json\/wp\/v2\/pages"}],"about":[{"href":"https:\/\/www.amberg-zahnaerzte.ch\/relaunch\/wp-json\/wp\/v2\/types\/page"}],"author":[{"embeddable":true,"href":"https:\/\/www.amberg-zahnaerzte.ch\/relaunch\/wp-json\/wp\/v2\/users\/2"}],"replies":[{"embeddable":true,"href":"https:\/\/www.amberg-zahnaerzte.ch\/relaunch\/wp-json\/wp\/v2\/comments?post=133"}],"version-history":[{"count":2,"href":"https:\/\/www.amberg-zahnaerzte.ch\/relaunch\/wp-json\/wp\/v2\/pages\/133\/revisions"}],"predecessor-version":[{"id":1711,"href":"https:\/\/www.amberg-zahnaerzte.ch\/relaunch\/wp-json\/wp\/v2\/pages\/133\/revisions\/1711"}],"up":[{"embeddable":true,"href":"https:\/\/www.amberg-zahnaerzte.ch\/relaunch\/wp-json\/wp\/v2\/pages\/73"}],"wp:featuredmedia":[{"embeddable":true,"href":"https:\/\/www.amberg-zahnaerzte.ch\/relaunch\/wp-json\/wp\/v2\/media\/1060"}],"wp:attachment":[{"href":"https:\/\/www.amberg-zahnaerzte.ch\/relaunch\/wp-json\/wp\/v2\/media?parent=133"}],"curies":[{"name":"wp","href":"https:\/\/api.w.org\/{rel}","templated":true}]}}