{"id":171,"date":"2022-07-11T15:10:22","date_gmt":"2022-07-11T13:10:22","guid":{"rendered":"https:\/\/5.148.165.27\/plesk-site-preview\/www.amberg-zahnaerzte.ch\/https\/5.148.165.27?page_id=171"},"modified":"2023-02-14T13:32:49","modified_gmt":"2023-02-14T12:32:49","slug":"ausbildung-jobs","status":"publish","type":"page","link":"https:\/\/www.amberg-zahnaerzte.ch\/relaunch\/praxis\/ausbildung-jobs\/","title":{"rendered":"Ausbildung &#038; Jobs"},"content":{"rendered":"<h2>Ausbildung &amp; Jobs<\/h2>\n<div>\n<p>Als zertifizierte Weiterbildungspraxis der Schweizerischen Zahn\u00e4rztegesellschaft SSO sind wir \u00a0berechtigt, Zahn\u00e4rzte im Rahmen ihrer postgraduate Ausbildung und im Hinblick auf den Weiterbildungsausweis SSO in allgemeiner Zahnmedizin weiterzubilden.<\/p>\n<p>Ausserdem f\u00fchren wir folgende berufliche Grund- und Weiterbildungen durch:<\/p>\n<ul>\n<li>Ausbildung Dentalhygienikerin (eidg. Fachausweis)<\/li>\n<li>Ausbildung Prophylaxeassistentin SSO<\/li>\n<li>Ausbildung Dentalsekret\u00e4rin<\/li>\n<li>Ausbildung Dentalassistentin<\/li>\n<\/ul>\n<p>Wenn Sie eine neue Herausforderung suchen, freuen wir uns auf Ihre vollst\u00e4ndigen Bewerbungsunterlagen per Post oder<span>\u00a0<\/span> <a href=\"mailto:info@amberg-zahnaerzte.ch\">E-Mail<\/a><\/p>\n<\/div>\n<p><img decoding=\"async\" src=\"\/relaunch\/wp-content\/uploads\/Blume_Uebersicht.svg\" alt=\"\"><\/p>\n<div>\n<\/div>\n<p><!--more--><br \/>\n<!-- {\"type\":\"layout\",\"children\":[{\"type\":\"section\",\"props\":{\"animation\":\"fade\",\"image_position\":\"center-center\",\"padding\":\"xsmall\",\"padding_remove_top\":false,\"style\":\"default\",\"title_breakpoint\":\"xl\",\"title_position\":\"top-left\",\"title_rotation\":\"left\",\"vertical_align\":\"middle\",\"width\":\"default\"},\"children\":[{\"type\":\"row\",\"children\":[{\"type\":\"column\",\"props\":{\"image_position\":\"center-center\",\"media_overlay_gradient\":\"\",\"position_sticky_breakpoint\":\"m\"},\"children\":[{\"type\":\"breadcrumbs\",\"props\":{\"home_text\":\"<svg width=\\\"17\\\" height=\\\"17\\\" viewBox=\\\"0 0 20 20\\\" xmlns=\\\"http:\\\/\\\/www.w3.org\\\/2000\\\/svg\\\"><polygon points=\\\"18.65 11.35 10 2.71 1.35 11.35 0.65 10.65 10 1.29 19.35 10.65\\\"><\\\/polygon><polygon points=\\\"15 4 18 4 18 7 17 7 17 5 15 5\\\"><\\\/polygon><polygon points=\\\"3 11 4 11 4 18 7 18 7 12 12 12 12 18 16 18 16 11 17 11 17 19 11 19 11 13 8 13 8 19 3 19\\\"><\\\/polygon><\\\/svg>\",\"show_current\":true,\"show_home\":true}}]}]}],\"name\":\"Breadcrumbs\"},{\"type\":\"section\",\"props\":{\"animation\":\"fade\",\"image_position\":\"center-center\",\"padding_remove_bottom\":true,\"padding_remove_top\":false,\"style\":\"default\",\"title_breakpoint\":\"xl\",\"title_position\":\"top-left\",\"title_rotation\":\"left\",\"vertical_align\":\"middle\",\"width\":\"default\"},\"children\":[{\"type\":\"row\",\"children\":[{\"type\":\"column\",\"props\":{\"image_position\":\"center-center\",\"media_overlay_gradient\":\"\",\"position_sticky_breakpoint\":\"m\"},\"children\":[{\"type\":\"headline\",\"props\":{\"content\":\"Ausbildung &amp; Jobs\",\"margin\":\"small\",\"margin_remove_top\":false,\"text_align\":\"center\",\"title_element\":\"h2\",\"title_style\":\"h1\"}},{\"type\":\"text\",\"props\":{\"block_align\":\"center\",\"column_breakpoint\":\"m\",\"content\":\"\n\n<p>Als zertifizierte Weiterbildungspraxis der Schweizerischen Zahn\\u00e4rztegesellschaft SSO sind wir \\u00a0berechtigt, Zahn\\u00e4rzte im Rahmen ihrer postgraduate Ausbildung und im Hinblick auf den Weiterbildungsausweis SSO in allgemeiner Zahnmedizin weiterzubilden.<\\\/p>\\n\n\n<p>Ausserdem f\\u00fchren wir folgende berufliche Grund- und Weiterbildungen durch:<\\\/p>\\n\n\n<ul>\\n\n\n<li>Ausbildung Dentalhygienikerin (eidg. Fachausweis)<\\\/li>\\n\n\n<li>Ausbildung Prophylaxeassistentin SSO<\\\/li>\\n\n\n<li>Ausbildung Dentalsekret\\u00e4rin<\\\/li>\\n\n\n<li>Ausbildung Dentalassistentin<\\\/li>\\n<\\\/ul>\\n\n\n<p>Wenn Sie eine neue Herausforderung suchen, freuen wir uns auf Ihre vollst\\u00e4ndigen Bewerbungsunterlagen per Post oder<span>\\u00a0<\\\/span> <a href=\\\"&#109;&#097;&#105;&#108;&#116;&#111;&#058;&#105;&#110;&#102;&#111;&#064;&#097;&#109;&#098;&#101;&#114;&#103;&#045;&#122;&#097;&#104;&#110;&#097;&#101;&#114;&#122;&#116;&#101;&#046;&#099;&#104;\\\">E-Mail<\\\/a><\\\/p>\",\"margin\":\"medium\",\"maxwidth\":\"2xlarge\"}}]}]}],\"name\":\"Intro_Section\"},{\"type\":\"section\",\"props\":{\"animation\":\"fade\",\"image_position\":\"center-center\",\"style\":\"default\",\"title_breakpoint\":\"xl\",\"title_position\":\"top-left\",\"title_rotation\":\"left\",\"vertical_align\":\"middle\",\"width\":\"default\"},\"children\":[{\"type\":\"row\",\"props\":{\"margin\":\"large\",\"width\":\"default\"},\"children\":[{\"type\":\"column\",\"props\":{\"image_position\":\"center-center\",\"media_overlay_gradient\":\"\",\"position_sticky_breakpoint\":\"m\"},\"children\":[{\"type\":\"image\",\"props\":{\"image\":\"wp-content\\\/uploads\\\/Blume_Uebersicht.svg\",\"image_svg_color\":\"emphasis\",\"margin\":\"default\",\"position\":\"absolute\",\"position_left\":\"-850\",\"position_top\":\"-300\",\"position_z_index\":\"0\",\"visibility\":\"l\"},\"name\":\"Blumen_\\u00dcbersichten\"},{\"type\":\"panel\",\"props\":{\"content_column_breakpoint\":\"m\",\"icon_width\":80,\"image_align\":\"right\",\"image_grid_breakpoint\":\"m\",\"image_grid_width\":\"1-2\",\"image_height\":\"550\",\"image_svg_color\":\"emphasis\",\"image_vertical_align\":true,\"image_width\":\"550\",\"link_size\":\"small\",\"link_style\":\"text\",\"link_text\":\"weiterlesen\",\"margin\":\"default\",\"meta_align\":\"above-title\",\"meta_color\":\"primary\",\"meta_element\":\"div\",\"meta_style\":\"\",\"panel_image_no_padding\":true,\"panel_padding\":\"large\",\"panel_style\":\"card-primary\",\"title_align\":\"top\",\"title_element\":\"h3\",\"title_grid_breakpoint\":\"m\",\"title_grid_width\":\"1-2\",\"title_hover_style\":\"reset\",\"title_margin\":\"small\",\"title_style\":\"h1\"},\"source\":{\"query\":{\"name\":\"posts.customPosts\",\"arguments\":{\"terms\":[10],\"category_operator\":\"IN\",\"post_tag_operator\":\"IN\",\"users\":[],\"users_operator\":\"IN\",\"offset\":0,\"limit\":1,\"order\":\"date\",\"order_direction\":\"DESC\"}},\"props\":{\"title\":{\"filters\":{\"search\":\"\"},\"name\":\"title\"},\"meta\":{\"filters\":{\"search\":\"\",\"date\":\"\"},\"name\":\"date\"},\"content\":{\"arguments\":{\"show_intro_text\":true},\"filters\":{\"search\":\"\",\"limit\":150},\"name\":\"content\"},\"image\":{\"filters\":{\"search\":\"\"},\"name\":\"featuredImage.url\"},\"link\":{\"filters\":{\"search\":\"\"},\"name\":\"link\"}}}}]}]},{\"type\":\"row\",\"props\":{\"width\":\"small\"},\"children\":[{\"type\":\"column\",\"props\":{\"image_position\":\"center-center\",\"media_overlay_gradient\":\"\",\"position_sticky_breakpoint\":\"m\"},\"children\":[{\"type\":\"grid\",\"props\":{\"block_align\":\"center\",\"content_column_breakpoint\":\"m\",\"filter_align\":\"left\",\"filter_all\":true,\"filter_grid_breakpoint\":\"m\",\"filter_grid_width\":\"auto\",\"filter_position\":\"top\",\"filter_style\":\"tab\",\"grid_default\":\"1\",\"grid_medium\":\"3\",\"icon_width\":80,\"image_align\":\"top\",\"image_grid_breakpoint\":\"m\",\"image_grid_width\":\"1-2\",\"image_svg_color\":\"emphasis\",\"item_animation\":true,\"link_style\":\"text\",\"link_text\":\"mehr erfahren\",\"margin\":\"xlarge\",\"meta_align\":\"below-title\",\"meta_element\":\"div\",\"meta_style\":\"text-meta\",\"panel_image_no_padding\":true,\"panel_link\":true,\"panel_padding\":\"small\",\"panel_style\":\"card-primary\",\"parallax_easing\":\"1\",\"show_content\":true,\"show_image\":true,\"show_link\":true,\"show_meta\":true,\"show_title\":true,\"title_align\":\"top\",\"title_element\":\"h5\",\"title_grid_breakpoint\":\"m\",\"title_grid_width\":\"1-2\",\"title_hover_style\":\"reset\",\"title_style\":\"h5\"},\"children\":[{\"type\":\"grid_item\",\"props\":{\"link_text\":\"\",\"panel_style\":\"card-primary\"},\"source\":{\"query\":{\"name\":\"posts.customPosts\",\"arguments\":{\"terms\":[10],\"category_operator\":\"IN\",\"post_tag_operator\":\"IN\",\"users\":[],\"users_operator\":\"IN\",\"offset\":1,\"limit\":999,\"order\":\"date\",\"order_direction\":\"DESC\"}},\"props\":{\"title\":{\"filters\":{\"search\":\"\"},\"name\":\"title\"},\"content\":{\"arguments\":{\"show_intro_text\":true},\"filters\":{\"search\":\"\"},\"name\":\"content\"},\"link\":{\"filters\":{\"search\":\"\"},\"name\":\"link\"},\"image\":{\"filters\":{\"search\":\"\"},\"name\":\"featuredImage.url\"}}}}]}]}]}],\"name\":\"Aktuelles\"}],\"version\":\"3.0.25\",\"yooessentialsVersion\":\"1.9.3\"} --><\/p>\n","protected":false},"excerpt":{"rendered":"<p>Ausbildung &amp; Jobs Als zertifizierte Weiterbildungspraxis der Schweizerischen Zahn\u00e4rztegesellschaft SSO sind wir \u00a0berechtigt, Zahn\u00e4rzte im Rahmen ihrer postgraduate Ausbildung und im Hinblick auf den Weiterbildungsausweis SSO in allgemeiner Zahnmedizin weiterzubilden. Ausserdem f\u00fchren wir folgende berufliche Grund- und Weiterbildungen durch: Ausbildung Dentalhygienikerin (eidg. Fachausweis) Ausbildung Prophylaxeassistentin SSO Ausbildung Dentalsekret\u00e4rin Ausbildung Dentalassistentin Wenn Sie eine neue Herausforderung [&hellip;]<\/p>\n","protected":false},"author":2,"featured_media":0,"parent":850,"menu_order":0,"comment_status":"closed","ping_status":"closed","template":"","meta":[],"acf":[],"yoast_head":"<!-- This site is optimized with the Yoast SEO plugin v20.1 - https:\/\/yoast.com\/wordpress\/plugins\/seo\/ -->\n<title>Ausbildung &amp; Jobs &bull; Amberg Zahn\u00e4rzte<\/title>\n<meta name=\"description\" content=\"Wir bieten Anstellungen f\u00fcr Zahn\u00e4rztinnen und Zahn\u00e4rzte, Dentalhygienikerinnen, Prophylaxeassistentinnen und Dentalassistentinnen.\" \/>\n<meta name=\"robots\" content=\"index, follow, max-snippet:-1, max-image-preview:large, max-video-preview:-1\" \/>\n<link rel=\"canonical\" href=\"https:\/\/www.amberg-zahnaerzte.ch\/relaunch\/praxis\/ausbildung-jobs\/\" \/>\n<meta property=\"og:locale\" content=\"de_DE\" \/>\n<meta property=\"og:type\" content=\"article\" \/>\n<meta property=\"og:title\" content=\"Ausbildung &amp; Jobs &bull; Amberg Zahn\u00e4rzte\" \/>\n<meta property=\"og:description\" content=\"Wir bieten Anstellungen f\u00fcr Zahn\u00e4rztinnen und Zahn\u00e4rzte, Dentalhygienikerinnen, Prophylaxeassistentinnen und Dentalassistentinnen.\" \/>\n<meta property=\"og:url\" content=\"https:\/\/www.amberg-zahnaerzte.ch\/relaunch\/praxis\/ausbildung-jobs\/\" \/>\n<meta property=\"og:site_name\" content=\"Amberg Zahn\u00e4rzte\" \/>\n<meta property=\"article:modified_time\" content=\"2023-02-14T12:32:49+00:00\" \/>\n<meta name=\"twitter:card\" content=\"summary_large_image\" \/>\n<meta name=\"twitter:label1\" content=\"Est. reading time\" \/>\n\t<meta name=\"twitter:data1\" content=\"1 Minute\" \/>\n<script type=\"application\/ld+json\" class=\"yoast-schema-graph\">{\"@context\":\"https:\/\/schema.org\",\"@graph\":[{\"@type\":\"WebPage\",\"@id\":\"https:\/\/www.amberg-zahnaerzte.ch\/relaunch\/praxis\/ausbildung-jobs\/\",\"url\":\"https:\/\/www.amberg-zahnaerzte.ch\/relaunch\/praxis\/ausbildung-jobs\/\",\"name\":\"Ausbildung & Jobs &bull; Amberg Zahn\u00e4rzte\",\"isPartOf\":{\"@id\":\"https:\/\/www.amberg-zahnaerzte.ch\/relaunch\/#website\"},\"datePublished\":\"2022-07-11T13:10:22+00:00\",\"dateModified\":\"2023-02-14T12:32:49+00:00\",\"description\":\"Wir bieten Anstellungen f\u00fcr Zahn\u00e4rztinnen und Zahn\u00e4rzte, Dentalhygienikerinnen, Prophylaxeassistentinnen und Dentalassistentinnen.\",\"breadcrumb\":{\"@id\":\"https:\/\/www.amberg-zahnaerzte.ch\/relaunch\/praxis\/ausbildung-jobs\/#breadcrumb\"},\"inLanguage\":\"de-CH\",\"potentialAction\":[{\"@type\":\"ReadAction\",\"target\":[\"https:\/\/www.amberg-zahnaerzte.ch\/relaunch\/praxis\/ausbildung-jobs\/\"]}]},{\"@type\":\"BreadcrumbList\",\"@id\":\"https:\/\/www.amberg-zahnaerzte.ch\/relaunch\/praxis\/ausbildung-jobs\/#breadcrumb\",\"itemListElement\":[{\"@type\":\"ListItem\",\"position\":1,\"name\":\"Home\",\"item\":\"https:\/\/www.amberg-zahnaerzte.ch\/relaunch\/\"},{\"@type\":\"ListItem\",\"position\":2,\"name\":\"Praxis\",\"item\":\"https:\/\/www.amberg-zahnaerzte.ch\/relaunch\/praxis\/\"},{\"@type\":\"ListItem\",\"position\":3,\"name\":\"Ausbildung &#038; Jobs\"}]},{\"@type\":\"WebSite\",\"@id\":\"https:\/\/www.amberg-zahnaerzte.ch\/relaunch\/#website\",\"url\":\"https:\/\/www.amberg-zahnaerzte.ch\/relaunch\/\",\"name\":\"Amberg Zahn\u00e4rzte\",\"description\":\"\",\"publisher\":{\"@id\":\"https:\/\/www.amberg-zahnaerzte.ch\/relaunch\/#organization\"},\"potentialAction\":[{\"@type\":\"SearchAction\",\"target\":{\"@type\":\"EntryPoint\",\"urlTemplate\":\"https:\/\/www.amberg-zahnaerzte.ch\/relaunch\/?s={search_term_string}\"},\"query-input\":\"required name=search_term_string\"}],\"inLanguage\":\"de-CH\"},{\"@type\":\"Organization\",\"@id\":\"https:\/\/www.amberg-zahnaerzte.ch\/relaunch\/#organization\",\"name\":\"Amberg Zahn\u00e4rzte\",\"url\":\"https:\/\/www.amberg-zahnaerzte.ch\/relaunch\/\",\"logo\":{\"@type\":\"ImageObject\",\"inLanguage\":\"de-CH\",\"@id\":\"https:\/\/www.amberg-zahnaerzte.ch\/relaunch\/#\/schema\/logo\/image\/\",\"url\":\"https:\/\/www.amberg-zahnaerzte.ch\/wp-content\/uploads\/logo_amberg.svg\",\"contentUrl\":\"https:\/\/www.amberg-zahnaerzte.ch\/wp-content\/uploads\/logo_amberg.svg\",\"width\":1,\"height\":1,\"caption\":\"Amberg Zahn\u00e4rzte\"},\"image\":{\"@id\":\"https:\/\/www.amberg-zahnaerzte.ch\/relaunch\/#\/schema\/logo\/image\/\"}}]}<\/script>\n<!-- \/ Yoast SEO plugin. -->","yoast_head_json":{"title":"Ausbildung & Jobs &bull; Amberg Zahn\u00e4rzte","description":"Wir bieten Anstellungen f\u00fcr Zahn\u00e4rztinnen und Zahn\u00e4rzte, Dentalhygienikerinnen, Prophylaxeassistentinnen und Dentalassistentinnen.","robots":{"index":"index","follow":"follow","max-snippet":"max-snippet:-1","max-image-preview":"max-image-preview:large","max-video-preview":"max-video-preview:-1"},"canonical":"https:\/\/www.amberg-zahnaerzte.ch\/relaunch\/praxis\/ausbildung-jobs\/","og_locale":"de_DE","og_type":"article","og_title":"Ausbildung & Jobs &bull; Amberg Zahn\u00e4rzte","og_description":"Wir bieten Anstellungen f\u00fcr Zahn\u00e4rztinnen und Zahn\u00e4rzte, Dentalhygienikerinnen, Prophylaxeassistentinnen und Dentalassistentinnen.","og_url":"https:\/\/www.amberg-zahnaerzte.ch\/relaunch\/praxis\/ausbildung-jobs\/","og_site_name":"Amberg Zahn\u00e4rzte","article_modified_time":"2023-02-14T12:32:49+00:00","twitter_card":"summary_large_image","twitter_misc":{"Est. reading time":"1 Minute"},"schema":{"@context":"https:\/\/schema.org","@graph":[{"@type":"WebPage","@id":"https:\/\/www.amberg-zahnaerzte.ch\/relaunch\/praxis\/ausbildung-jobs\/","url":"https:\/\/www.amberg-zahnaerzte.ch\/relaunch\/praxis\/ausbildung-jobs\/","name":"Ausbildung & Jobs &bull; Amberg Zahn\u00e4rzte","isPartOf":{"@id":"https:\/\/www.amberg-zahnaerzte.ch\/relaunch\/#website"},"datePublished":"2022-07-11T13:10:22+00:00","dateModified":"2023-02-14T12:32:49+00:00","description":"Wir bieten Anstellungen f\u00fcr Zahn\u00e4rztinnen und Zahn\u00e4rzte, Dentalhygienikerinnen, Prophylaxeassistentinnen und Dentalassistentinnen.","breadcrumb":{"@id":"https:\/\/www.amberg-zahnaerzte.ch\/relaunch\/praxis\/ausbildung-jobs\/#breadcrumb"},"inLanguage":"de-CH","potentialAction":[{"@type":"ReadAction","target":["https:\/\/www.amberg-zahnaerzte.ch\/relaunch\/praxis\/ausbildung-jobs\/"]}]},{"@type":"BreadcrumbList","@id":"https:\/\/www.amberg-zahnaerzte.ch\/relaunch\/praxis\/ausbildung-jobs\/#breadcrumb","itemListElement":[{"@type":"ListItem","position":1,"name":"Home","item":"https:\/\/www.amberg-zahnaerzte.ch\/relaunch\/"},{"@type":"ListItem","position":2,"name":"Praxis","item":"https:\/\/www.amberg-zahnaerzte.ch\/relaunch\/praxis\/"},{"@type":"ListItem","position":3,"name":"Ausbildung &#038; Jobs"}]},{"@type":"WebSite","@id":"https:\/\/www.amberg-zahnaerzte.ch\/relaunch\/#website","url":"https:\/\/www.amberg-zahnaerzte.ch\/relaunch\/","name":"Amberg Zahn\u00e4rzte","description":"","publisher":{"@id":"https:\/\/www.amberg-zahnaerzte.ch\/relaunch\/#organization"},"potentialAction":[{"@type":"SearchAction","target":{"@type":"EntryPoint","urlTemplate":"https:\/\/www.amberg-zahnaerzte.ch\/relaunch\/?s={search_term_string}"},"query-input":"required name=search_term_string"}],"inLanguage":"de-CH"},{"@type":"Organization","@id":"https:\/\/www.amberg-zahnaerzte.ch\/relaunch\/#organization","name":"Amberg Zahn\u00e4rzte","url":"https:\/\/www.amberg-zahnaerzte.ch\/relaunch\/","logo":{"@type":"ImageObject","inLanguage":"de-CH","@id":"https:\/\/www.amberg-zahnaerzte.ch\/relaunch\/#\/schema\/logo\/image\/","url":"https:\/\/www.amberg-zahnaerzte.ch\/wp-content\/uploads\/logo_amberg.svg","contentUrl":"https:\/\/www.amberg-zahnaerzte.ch\/wp-content\/uploads\/logo_amberg.svg","width":1,"height":1,"caption":"Amberg Zahn\u00e4rzte"},"image":{"@id":"https:\/\/www.amberg-zahnaerzte.ch\/relaunch\/#\/schema\/logo\/image\/"}}]}},"_links":{"self":[{"href":"https:\/\/www.amberg-zahnaerzte.ch\/relaunch\/wp-json\/wp\/v2\/pages\/171"}],"collection":[{"href":"https:\/\/www.amberg-zahnaerzte.ch\/relaunch\/wp-json\/wp\/v2\/pages"}],"about":[{"href":"https:\/\/www.amberg-zahnaerzte.ch\/relaunch\/wp-json\/wp\/v2\/types\/page"}],"author":[{"embeddable":true,"href":"https:\/\/www.amberg-zahnaerzte.ch\/relaunch\/wp-json\/wp\/v2\/users\/2"}],"replies":[{"embeddable":true,"href":"https:\/\/www.amberg-zahnaerzte.ch\/relaunch\/wp-json\/wp\/v2\/comments?post=171"}],"version-history":[{"count":3,"href":"https:\/\/www.amberg-zahnaerzte.ch\/relaunch\/wp-json\/wp\/v2\/pages\/171\/revisions"}],"predecessor-version":[{"id":1815,"href":"https:\/\/www.amberg-zahnaerzte.ch\/relaunch\/wp-json\/wp\/v2\/pages\/171\/revisions\/1815"}],"up":[{"embeddable":true,"href":"https:\/\/www.amberg-zahnaerzte.ch\/relaunch\/wp-json\/wp\/v2\/pages\/850"}],"wp:attachment":[{"href":"https:\/\/www.amberg-zahnaerzte.ch\/relaunch\/wp-json\/wp\/v2\/media?parent=171"}],"curies":[{"name":"wp","href":"https:\/\/api.w.org\/{rel}","templated":true}]}}