{"id":76,"date":"2022-07-11T14:40:20","date_gmt":"2022-07-11T12:40:20","guid":{"rendered":"https:\/\/5.148.165.27\/plesk-site-preview\/www.amberg-zahnaerzte.ch\/https\/5.148.165.27?page_id=76"},"modified":"2023-02-14T13:57:22","modified_gmt":"2023-02-14T12:57:22","slug":"notfall","status":"publish","type":"page","link":"https:\/\/www.amberg-zahnaerzte.ch\/relaunch\/notfall\/","title":{"rendered":"Notfall"},"content":{"rendered":"\n<h2>Wir sind f\u00fcr Sie da<\/h2>\n\n\n\n<p>Wenn Sie unter starken Schmerzen leiden oder Z\u00e4hne im sichtbaren Bereich einen Defekt erlitten haben, werden wir Sie am gleichen Tag behandeln. Auch Zahn- und Prothesenfrakturen werden wir so schnell wie m\u00f6glich beheben.<\/p>\n\n\n\n<p>Rufen Sie uns am besten direkt an, auch wenn Sie noch nicht bei uns Patient\/-in sind oder schon lange nicht mehr beim Zahnarzt waren.<\/p>\n\n\n\n<h2><strong>Ausserhalb unserer \u00d6ffnungszeiten<\/strong><\/h2>\n\n\n\n<p>Dann steht der Notfalldienst der Schweizerischen Zahn\u00e4rztegesellschaft (SSO) zur Verf\u00fcgung. Unter der <strong>Notfallnummer 0848 261 261 <\/strong>gibt Ihnen die medizinische Notrufzentrale die Koordinaten des diensthabenden Zahnarztes bekannt. Diese Nummer ist an Wochenenden (Freitag bis Sonntag) und Feiertagen immer in Betrieb.<\/p>\n\n\n\n<h2>Zahnunfall<\/h2>\n\n\n\n<div class=\"wp-block-media-text alignwide is-stacked-on-mobile\" style=\"grid-template-columns:29% auto\"><figure class=\"wp-block-media-text__media\"><img decoding=\"async\" loading=\"lazy\" width=\"214\" height=\"127\" src=\"\/wp-content\/uploads\/Zahn_abgebrochen.png\" alt=\"\" class=\"wp-image-1280 size-full\"\/><\/figure><div class=\"wp-block-media-text__content\">\n<h3><strong>Zahn abgebrochen<\/strong><\/h3>\n\n\n\n<p>Suchen Sie das abgebrochene St\u00fcck und legen Sie es in Wasser oder noch besser in kalte Milch ein.<\/p>\n<\/div><\/div>\n\n\n\n<div class=\"wp-block-media-text alignwide is-stacked-on-mobile\" style=\"grid-template-columns:29% auto\"><figure class=\"wp-block-media-text__media\"><img decoding=\"async\" loading=\"lazy\" width=\"214\" height=\"127\" src=\"\/wp-content\/uploads\/Zahnausgefallen.png\" alt=\"\" class=\"wp-image-1277 size-full\"\/><\/figure><div class=\"wp-block-media-text__content\">\n<h3><strong>Zahn stark gelockert oder verschoben<\/strong><\/h3>\n\n\n\n<p>Situation belassen und nicht am Zahn manipulieren. Nur vorsichtig zusammenbeissen.<\/p>\n<\/div><\/div>\n\n\n\n<div class=\"wp-block-media-text alignwide is-stacked-on-mobile\" style=\"grid-template-columns:29% auto\"><figure class=\"wp-block-media-text__media\"><img decoding=\"async\" loading=\"lazy\" width=\"214\" height=\"216\" src=\"\/wp-content\/uploads\/Nicht_putzen.png\" alt=\"\" class=\"wp-image-1279 size-full\" srcset=\"https:\/\/www.amberg-zahnaerzte.ch\/relaunch\/wp-content\/uploads\/Nicht_putzen.png 214w, https:\/\/www.amberg-zahnaerzte.ch\/relaunch\/wp-content\/uploads\/Nicht_putzen-150x150.png 150w\" sizes=\"(max-width: 214px) 100vw, 214px\" \/><\/figure><div class=\"wp-block-media-text__content\">\n<h3><strong>Zahn ausgeschlagen<\/strong><\/h3>\n\n\n\n<p>Suchen Sie unbedingt den Zahn und fassen Sie nur die Zahnkrone, jedoch nicht die Zahnwurzel an. Niemals den Zahn reinigen, auch wenn er verschmutzt ist. Zahn so schnell wie m\u00f6glich feucht lagern, am besten in kalter Milch, steriler Kochsalzl\u00f6sung (von Arzt oder Apotheke) oder in spezieller Rettungsbox (Dentosafe\u00ae). Danach sofort den Zahnarzt aufsuchen.<\/p>\n<\/div><\/div>\n\n\n\n<h2>Milchzahnunfall<\/h2>\n\n\n\n<p>Nicht jeder Milchzahnunfall ist ein zahnmedizinischer Notfall. Aber jeder Zahnunfall muss der Krankenversicherung gemeldet werden.<\/p>\n\n\n\n<p><strong>Zahn locker oder verschoben<\/strong><\/p>\n\n\n\n<p>Die Behandlung ist nicht dringend. Zahnarzt sp\u00e4testens am n\u00e4chsten Tag aufsuchen. Nur wenn nach 10 Minuten die Blutung nicht aufh\u00f6r, oder wenn das Kind nicht zubeissen kann, sofort zum Zahnarzt.<\/p>\n\n\n\n<p><strong>Zahn abgebrochen<\/strong><\/p>\n\n\n\n<p>Bei abgebrochenem Milchzahn innerhalb der n\u00e4chsten 3 Tage einen Zahnarzt aufsuchen. Bei Blutung aus dem Zahn am selben Tag zum Zahnarzt.<\/p>\n\n\n\n<p><strong>Zahn ausgeschlagen<\/strong><\/p>\n\n\n\n<p>Die Behandlung ist nicht dringend. Ein ausgeschlagener Milchzahn wird nicht wieder eingesetzt. Innerhalb der n\u00e4chsten 3 Tage einen Zahnarzt aufsuchen.<\/p>\n","protected":false},"excerpt":{"rendered":"<p>Wir sind f\u00fcr Sie da Wenn Sie unter starken Schmerzen leiden oder Z\u00e4hne im sichtbaren Bereich einen Defekt erlitten haben, werden wir Sie am gleichen Tag behandeln. Auch Zahn- und Prothesenfrakturen werden wir so schnell wie m\u00f6glich beheben. Rufen Sie uns am besten direkt an, auch wenn Sie noch nicht bei uns Patient\/-in sind oder [&hellip;]<\/p>\n","protected":false},"author":2,"featured_media":753,"parent":0,"menu_order":0,"comment_status":"closed","ping_status":"closed","template":"","meta":[],"acf":[],"yoast_head":"<!-- This site is optimized with the Yoast SEO plugin v20.1 - https:\/\/yoast.com\/wordpress\/plugins\/seo\/ -->\n<title>Notfall &bull; Amberg Zahn\u00e4rzte<\/title>\n<meta name=\"description\" content=\"Im Notfall rufen Sie uns w\u00e4hrend unseren \u00d6ffnungszeiten direkt an. An Wochenenden die Notfallnummer der Schweizerischen Zahn\u00e4rzte-Gesellschaft SSO.\" \/>\n<meta name=\"robots\" content=\"index, follow, max-snippet:-1, max-image-preview:large, max-video-preview:-1\" \/>\n<link rel=\"canonical\" href=\"https:\/\/www.amberg-zahnaerzte.ch\/relaunch\/notfall\/\" \/>\n<meta property=\"og:locale\" content=\"de_DE\" \/>\n<meta property=\"og:type\" content=\"article\" \/>\n<meta property=\"og:title\" content=\"Notfall &bull; Amberg Zahn\u00e4rzte\" \/>\n<meta property=\"og:description\" content=\"Im Notfall rufen Sie uns w\u00e4hrend unseren \u00d6ffnungszeiten direkt an. An Wochenenden die Notfallnummer der Schweizerischen Zahn\u00e4rzte-Gesellschaft SSO.\" \/>\n<meta property=\"og:url\" content=\"https:\/\/www.amberg-zahnaerzte.ch\/relaunch\/notfall\/\" \/>\n<meta property=\"og:site_name\" content=\"Amberg Zahn\u00e4rzte\" \/>\n<meta property=\"article:modified_time\" content=\"2023-02-14T12:57:22+00:00\" \/>\n<meta property=\"og:image\" content=\"https:\/\/www.amberg-zahnaerzte.ch\/relaunch\/wp-content\/uploads\/Notfall-e1661925697737.jpg\" \/>\n\t<meta property=\"og:image:width\" content=\"1772\" \/>\n\t<meta property=\"og:image:height\" content=\"877\" \/>\n\t<meta property=\"og:image:type\" content=\"image\/jpeg\" \/>\n<meta name=\"twitter:card\" content=\"summary_large_image\" \/>\n<meta name=\"twitter:label1\" content=\"Est. reading time\" \/>\n\t<meta name=\"twitter:data1\" content=\"3 Minuten\" \/>\n<script type=\"application\/ld+json\" class=\"yoast-schema-graph\">{\"@context\":\"https:\/\/schema.org\",\"@graph\":[{\"@type\":\"WebPage\",\"@id\":\"https:\/\/www.amberg-zahnaerzte.ch\/relaunch\/notfall\/\",\"url\":\"https:\/\/www.amberg-zahnaerzte.ch\/relaunch\/notfall\/\",\"name\":\"Notfall &bull; Amberg Zahn\u00e4rzte\",\"isPartOf\":{\"@id\":\"https:\/\/www.amberg-zahnaerzte.ch\/relaunch\/#website\"},\"datePublished\":\"2022-07-11T12:40:20+00:00\",\"dateModified\":\"2023-02-14T12:57:22+00:00\",\"description\":\"Im Notfall rufen Sie uns w\u00e4hrend unseren \u00d6ffnungszeiten direkt an. An Wochenenden die Notfallnummer der Schweizerischen Zahn\u00e4rzte-Gesellschaft SSO.\",\"breadcrumb\":{\"@id\":\"https:\/\/www.amberg-zahnaerzte.ch\/relaunch\/notfall\/#breadcrumb\"},\"inLanguage\":\"de-CH\",\"potentialAction\":[{\"@type\":\"ReadAction\",\"target\":[\"https:\/\/www.amberg-zahnaerzte.ch\/relaunch\/notfall\/\"]}]},{\"@type\":\"BreadcrumbList\",\"@id\":\"https:\/\/www.amberg-zahnaerzte.ch\/relaunch\/notfall\/#breadcrumb\",\"itemListElement\":[{\"@type\":\"ListItem\",\"position\":1,\"name\":\"Home\",\"item\":\"https:\/\/www.amberg-zahnaerzte.ch\/relaunch\/\"},{\"@type\":\"ListItem\",\"position\":2,\"name\":\"Notfall\"}]},{\"@type\":\"WebSite\",\"@id\":\"https:\/\/www.amberg-zahnaerzte.ch\/relaunch\/#website\",\"url\":\"https:\/\/www.amberg-zahnaerzte.ch\/relaunch\/\",\"name\":\"Amberg Zahn\u00e4rzte\",\"description\":\"\",\"publisher\":{\"@id\":\"https:\/\/www.amberg-zahnaerzte.ch\/relaunch\/#organization\"},\"potentialAction\":[{\"@type\":\"SearchAction\",\"target\":{\"@type\":\"EntryPoint\",\"urlTemplate\":\"https:\/\/www.amberg-zahnaerzte.ch\/relaunch\/?s={search_term_string}\"},\"query-input\":\"required name=search_term_string\"}],\"inLanguage\":\"de-CH\"},{\"@type\":\"Organization\",\"@id\":\"https:\/\/www.amberg-zahnaerzte.ch\/relaunch\/#organization\",\"name\":\"Amberg Zahn\u00e4rzte\",\"url\":\"https:\/\/www.amberg-zahnaerzte.ch\/relaunch\/\",\"logo\":{\"@type\":\"ImageObject\",\"inLanguage\":\"de-CH\",\"@id\":\"https:\/\/www.amberg-zahnaerzte.ch\/relaunch\/#\/schema\/logo\/image\/\",\"url\":\"https:\/\/www.amberg-zahnaerzte.ch\/wp-content\/uploads\/logo_amberg.svg\",\"contentUrl\":\"https:\/\/www.amberg-zahnaerzte.ch\/wp-content\/uploads\/logo_amberg.svg\",\"width\":1,\"height\":1,\"caption\":\"Amberg Zahn\u00e4rzte\"},\"image\":{\"@id\":\"https:\/\/www.amberg-zahnaerzte.ch\/relaunch\/#\/schema\/logo\/image\/\"}}]}<\/script>\n<!-- \/ Yoast SEO plugin. -->","yoast_head_json":{"title":"Notfall &bull; Amberg Zahn\u00e4rzte","description":"Im Notfall rufen Sie uns w\u00e4hrend unseren \u00d6ffnungszeiten direkt an. An Wochenenden die Notfallnummer der Schweizerischen Zahn\u00e4rzte-Gesellschaft SSO.","robots":{"index":"index","follow":"follow","max-snippet":"max-snippet:-1","max-image-preview":"max-image-preview:large","max-video-preview":"max-video-preview:-1"},"canonical":"https:\/\/www.amberg-zahnaerzte.ch\/relaunch\/notfall\/","og_locale":"de_DE","og_type":"article","og_title":"Notfall &bull; Amberg Zahn\u00e4rzte","og_description":"Im Notfall rufen Sie uns w\u00e4hrend unseren \u00d6ffnungszeiten direkt an. An Wochenenden die Notfallnummer der Schweizerischen Zahn\u00e4rzte-Gesellschaft SSO.","og_url":"https:\/\/www.amberg-zahnaerzte.ch\/relaunch\/notfall\/","og_site_name":"Amberg Zahn\u00e4rzte","article_modified_time":"2023-02-14T12:57:22+00:00","og_image":[{"width":1772,"height":877,"url":"https:\/\/www.amberg-zahnaerzte.ch\/relaunch\/wp-content\/uploads\/Notfall-e1661925697737.jpg","type":"image\/jpeg"}],"twitter_card":"summary_large_image","twitter_misc":{"Est. reading time":"3 Minuten"},"schema":{"@context":"https:\/\/schema.org","@graph":[{"@type":"WebPage","@id":"https:\/\/www.amberg-zahnaerzte.ch\/relaunch\/notfall\/","url":"https:\/\/www.amberg-zahnaerzte.ch\/relaunch\/notfall\/","name":"Notfall &bull; Amberg Zahn\u00e4rzte","isPartOf":{"@id":"https:\/\/www.amberg-zahnaerzte.ch\/relaunch\/#website"},"datePublished":"2022-07-11T12:40:20+00:00","dateModified":"2023-02-14T12:57:22+00:00","description":"Im Notfall rufen Sie uns w\u00e4hrend unseren \u00d6ffnungszeiten direkt an. An Wochenenden die Notfallnummer der Schweizerischen Zahn\u00e4rzte-Gesellschaft SSO.","breadcrumb":{"@id":"https:\/\/www.amberg-zahnaerzte.ch\/relaunch\/notfall\/#breadcrumb"},"inLanguage":"de-CH","potentialAction":[{"@type":"ReadAction","target":["https:\/\/www.amberg-zahnaerzte.ch\/relaunch\/notfall\/"]}]},{"@type":"BreadcrumbList","@id":"https:\/\/www.amberg-zahnaerzte.ch\/relaunch\/notfall\/#breadcrumb","itemListElement":[{"@type":"ListItem","position":1,"name":"Home","item":"https:\/\/www.amberg-zahnaerzte.ch\/relaunch\/"},{"@type":"ListItem","position":2,"name":"Notfall"}]},{"@type":"WebSite","@id":"https:\/\/www.amberg-zahnaerzte.ch\/relaunch\/#website","url":"https:\/\/www.amberg-zahnaerzte.ch\/relaunch\/","name":"Amberg Zahn\u00e4rzte","description":"","publisher":{"@id":"https:\/\/www.amberg-zahnaerzte.ch\/relaunch\/#organization"},"potentialAction":[{"@type":"SearchAction","target":{"@type":"EntryPoint","urlTemplate":"https:\/\/www.amberg-zahnaerzte.ch\/relaunch\/?s={search_term_string}"},"query-input":"required name=search_term_string"}],"inLanguage":"de-CH"},{"@type":"Organization","@id":"https:\/\/www.amberg-zahnaerzte.ch\/relaunch\/#organization","name":"Amberg Zahn\u00e4rzte","url":"https:\/\/www.amberg-zahnaerzte.ch\/relaunch\/","logo":{"@type":"ImageObject","inLanguage":"de-CH","@id":"https:\/\/www.amberg-zahnaerzte.ch\/relaunch\/#\/schema\/logo\/image\/","url":"https:\/\/www.amberg-zahnaerzte.ch\/wp-content\/uploads\/logo_amberg.svg","contentUrl":"https:\/\/www.amberg-zahnaerzte.ch\/wp-content\/uploads\/logo_amberg.svg","width":1,"height":1,"caption":"Amberg Zahn\u00e4rzte"},"image":{"@id":"https:\/\/www.amberg-zahnaerzte.ch\/relaunch\/#\/schema\/logo\/image\/"}}]}},"_links":{"self":[{"href":"https:\/\/www.amberg-zahnaerzte.ch\/relaunch\/wp-json\/wp\/v2\/pages\/76"}],"collection":[{"href":"https:\/\/www.amberg-zahnaerzte.ch\/relaunch\/wp-json\/wp\/v2\/pages"}],"about":[{"href":"https:\/\/www.amberg-zahnaerzte.ch\/relaunch\/wp-json\/wp\/v2\/types\/page"}],"author":[{"embeddable":true,"href":"https:\/\/www.amberg-zahnaerzte.ch\/relaunch\/wp-json\/wp\/v2\/users\/2"}],"replies":[{"embeddable":true,"href":"https:\/\/www.amberg-zahnaerzte.ch\/relaunch\/wp-json\/wp\/v2\/comments?post=76"}],"version-history":[{"count":5,"href":"https:\/\/www.amberg-zahnaerzte.ch\/relaunch\/wp-json\/wp\/v2\/pages\/76\/revisions"}],"predecessor-version":[{"id":1836,"href":"https:\/\/www.amberg-zahnaerzte.ch\/relaunch\/wp-json\/wp\/v2\/pages\/76\/revisions\/1836"}],"wp:featuredmedia":[{"embeddable":true,"href":"https:\/\/www.amberg-zahnaerzte.ch\/relaunch\/wp-json\/wp\/v2\/media\/753"}],"wp:attachment":[{"href":"https:\/\/www.amberg-zahnaerzte.ch\/relaunch\/wp-json\/wp\/v2\/media?parent=76"}],"curies":[{"name":"wp","href":"https:\/\/api.w.org\/{rel}","templated":true}]}}