{"id":80,"date":"2022-07-11T14:40:21","date_gmt":"2022-07-11T12:40:21","guid":{"rendered":"https:\/\/5.148.165.27\/plesk-site-preview\/www.amberg-zahnaerzte.ch\/https\/5.148.165.27?page_id=80"},"modified":"2023-01-21T11:18:40","modified_gmt":"2023-01-21T10:18:40","slug":"technologien","status":"publish","type":"page","link":"https:\/\/www.amberg-zahnaerzte.ch\/relaunch\/praxis\/technologien\/","title":{"rendered":"Technologien"},"content":{"rendered":"\n<h2>Bew\u00e4hrtes mit Neuem kombinieren<\/h2>\n\n\n\n<p>Wir \u00fcberpr\u00fcfen jede Marktneuheit und jeden Behandlungstrend, erst dann setzen wir sie am Patienten ein. Wir st\u00fctzen unsere Arbeit auf etablierten, wissenschaftlichen Erkenntnissen ab. Verbunden mit unserer \u00fcber 30-j\u00e4hrigen klinischen Expertise werden wir den individuellen Anspr\u00fcchen der Patientin gerecht. Durch unsere konstanten Fortbildungen (mind. 80 Stunden pro Jahr) setzen wir uns zudem immer mit den neuesten Technologien auseinander.<\/p>\n\n\n\n<p>Die nachfolgenden Beispiele erf\u00fcllen die hohen Anspr\u00fcche unserer Patientinnen und Patienten bez\u00fcglich Sicherheit, Dauerhaftigkeit, Wirtschaftlichkeit, aber auch der \u00d6kologie.<\/p>\n\n\n\n<p><strong>Nostic.Caries \u2013 Die digitale Zweitmeinung<\/strong><\/p>\n\n\n\n<p>Das R\u00f6ntgendiagnostikprogramm Nostic.Caries hilft uns, wie ein zweites Augenpaar, bei der Erkennung von Karies. Jedes R\u00f6ntgenbild wird automatisch analysiert; Stellen mit Verdacht auf Karies werden hervorgehoben, wodurch wir Risikostellen bewusster untersuchen k\u00f6nnen. Dank k\u00fcnstlicher Intelligenz (KI) sind wir in der Lage, Zahnerkrankungen fr\u00fchzeitig, pr\u00e4ziser und zuverl\u00e4ssiger zu erkennen.<\/p>\n\n\n\n<p><strong>Digitales Volumentomogramm (DVT)<\/strong><\/p>\n\n\n\n<p>Der h\u00e4ufigste Einsatz dieser neuen, faszinierenden Bildgebung liegt bei der Implantologie und der Weisheitszahnentfernung, um die Verletzung von Nerven oder die Er\u00f6ffnung der Kieferh\u00f6hle zu vermeiden. Durch dieses dreidimensionale Bildgebungsverfahren k\u00f6nnen die Risiken von Sch\u00e4den bei chirurgischen Eingriffen reduziert werden, weil das Operationsgebiet pr\u00e4ziser und von allen Seiten erfasst wird. <\/p>\n\n\n\n<p><strong>TRIOS 3Shape \u2013 Das Ende des Abdrucks<\/strong><\/p>\n\n\n\n<p>Eine Neuheit in der Zahnmedizin: Konventionelle Abdr\u00fccke bzw. Abformungen mit Abdruckmassen geh\u00f6ren der Vergangenheit an. Mit diesem Scanner lassen sich f\u00fcr jegliche Art von rekonstruktiven sowie prothetischen Arbeiten (Kronen, Br\u00fccken, abnehmbare Prothesen etc.) in h\u00f6chster Geschwindigkeit und Pr\u00e4zision digitale dreidimensionale Abbilder machen.<\/p>\n\n\n\n<p><strong>Digitales R\u00f6ntgen<\/strong><\/p>\n\n\n\n<p>Seit 2007 r\u00f6ntgen wir nur noch digital. Die wesentlich geringere Strahlenbelastung und eine pr\u00e4zisere R\u00f6ntgendiagnostik und Implantatplanung bringen viel Sicherheit. Die Fr\u00fcherkennung von Karies reduziert auch hier die Kosten f\u00fcr unsere Patienten, da Wurzelbehandlungen und grosse F\u00fcllungen seltener notwendig sind.<\/p>\n\n\n\n<p><strong>CO<sub>2<\/sub>-Laser \u2013 Geb\u00fcndelte Lichtenergie f\u00fcr die Zahnmedizin<\/strong><\/p>\n\n\n\n<p>Spectra DENTA 2 bietet programmierte, laserassistierte Chirurgie f\u00fcr eine grosse Palette von Behandlungen des Weichteilgewebes im Mundbereich: kleinchirurgische, blutarme Eingriffe, Implantatfreilegung, Desinfektion von Wurzelkan\u00e4len, Behandlung von Zahnfleischtaschen, Lippenbandkorrekturen u.v.m. Er kann schnell und exakt Gewebe schneiden, vaporisieren (verdampfen) und koagulieren (Blutung stoppen). <\/p>\n\n\n\n<p><strong>Zirkonkrone<\/strong><\/p>\n\n\n\n<p>Die Zirkonkrone ist ein 100 % metallfreier Zahnersatz aus Zirkonoxid (ZnO<sub>2<\/sub>). Sie ist passgenau, biokompatibel und f\u00fcr das Ger\u00fcst und die Verblendung von Zirkonkronen und -br\u00fccken bestens geeignet. Die Zirkonkrone kann im Front- und Seitenzahnbereich farblich an die eigenen Z\u00e4hne angeglichen werden.<\/p>\n\n\n\n<p><strong>Wurzelkanalinstrumente aus Titanlegierung<\/strong><\/p>\n\n\n\n<p>Den eigenen Zahn zu erhalten ist trotz der fortgeschrittenen Implantat-Technologie immer noch unser h\u00f6chstes Ziel. Seit Jahren verwenden wir eine neue Titanlegierung in der Wurzelbehandlungstherapie. Die Erfolgsquote von Wurzelbehandlungen ist gestiegen, die Behandlung schneller und die Kosten f\u00fcr den Patienten sind massiv gesenkt worden.<\/p>\n\n\n\n<p><strong>\u00d6kologie und Hygiene<\/strong><\/p>\n\n\n\n<p>Auch eine Zahnarztpraxis kann ihren Beitrag zum Umweltschutz leisten. Durch die Wahl von Produkten und Materialien, die nachhaltig und wenn m\u00f6glich in Europa produziert werden und langlebig sind, k\u00f6nnen wir unter anderem Transporte und Abfall, aber auch den Wasserverbrauch reduzieren. Amalgamreste gelangen nicht ins Abwasser; wir achten auf die Wiederverwendung von mehrfach sterilisierbaren Instrumenten; Abfalltrennung ist selbstverst\u00e4ndlich; digitales R\u00f6ntgen senkt die Strahlenbelastung f\u00fcr den Patienten und die Umwelt.<\/p>\n\n\n\n<p>Die Digitalisierung schont Ressourcen wie z.B. Papier, durch die Anwendung der digitalen Krankengeschichte sowie digitale Korrespondenz mit \u00c4mtern und Versicherungen. <\/p>\n\n\n\n<p>Nachhaltige zahnmedizinische Versorgung ist vor allem auf die Vorbeugung von Sch\u00e4den ausgelegt. Der Einsatz fr\u00fchzeitiger pr\u00e4ventiver und gesundheitsf\u00f6rdernder Massnahmen wirkt sich im Erwachsenenalter positiv auf die Gesundheitskosten und nachhaltig auf den Ressourceneinsatz aus.<\/p>\n","protected":false},"excerpt":{"rendered":"<p>Bew\u00e4hrtes mit Neuem kombinieren Wir \u00fcberpr\u00fcfen jede Marktneuheit und jeden Behandlungstrend, erst dann setzen wir sie am Patienten ein. Wir st\u00fctzen unsere Arbeit auf etablierten, wissenschaftlichen Erkenntnissen ab. Verbunden mit unserer \u00fcber 30-j\u00e4hrigen klinischen Expertise werden wir den individuellen Anspr\u00fcchen der Patientin gerecht. Durch unsere konstanten Fortbildungen (mind. 80 Stunden pro Jahr) setzen wir uns [&hellip;]<\/p>\n","protected":false},"author":2,"featured_media":1374,"parent":850,"menu_order":20,"comment_status":"closed","ping_status":"closed","template":"","meta":[],"acf":[],"yoast_head":"<!-- This site is optimized with the Yoast SEO plugin v20.1 - https:\/\/yoast.com\/wordpress\/plugins\/seo\/ -->\n<title>Technologien &bull; Amberg Zahn\u00e4rzte<\/title>\n<meta name=\"description\" content=\"Ob Laserscanner, digitales R\u00f6ntgen oder Zirkon - wir kombinieren die neusten Technologien mit jahrzehntelanger medizinischer Erfahrung.\" \/>\n<meta name=\"robots\" content=\"index, follow, max-snippet:-1, max-image-preview:large, max-video-preview:-1\" \/>\n<link rel=\"canonical\" href=\"https:\/\/www.amberg-zahnaerzte.ch\/relaunch\/praxis\/technologien\/\" \/>\n<meta property=\"og:locale\" content=\"de_DE\" \/>\n<meta property=\"og:type\" content=\"article\" \/>\n<meta property=\"og:title\" content=\"Technologien &bull; Amberg Zahn\u00e4rzte\" \/>\n<meta property=\"og:description\" content=\"Ob Laserscanner, digitales R\u00f6ntgen oder Zirkon - wir kombinieren die neusten Technologien mit jahrzehntelanger medizinischer Erfahrung.\" \/>\n<meta property=\"og:url\" content=\"https:\/\/www.amberg-zahnaerzte.ch\/relaunch\/praxis\/technologien\/\" \/>\n<meta property=\"og:site_name\" content=\"Amberg Zahn\u00e4rzte\" \/>\n<meta property=\"article:modified_time\" content=\"2023-01-21T10:18:40+00:00\" \/>\n<meta property=\"og:image\" content=\"https:\/\/www.amberg-zahnaerzte.ch\/relaunch\/wp-content\/uploads\/1_neutest-scaled-e1670324667794.jpg\" \/>\n\t<meta property=\"og:image:width\" content=\"2560\" \/>\n\t<meta property=\"og:image:height\" content=\"1363\" \/>\n\t<meta property=\"og:image:type\" content=\"image\/jpeg\" \/>\n<meta name=\"twitter:card\" content=\"summary_large_image\" \/>\n<meta name=\"twitter:label1\" content=\"Est. reading time\" \/>\n\t<meta name=\"twitter:data1\" content=\"4 Minuten\" \/>\n<script type=\"application\/ld+json\" class=\"yoast-schema-graph\">{\"@context\":\"https:\/\/schema.org\",\"@graph\":[{\"@type\":\"WebPage\",\"@id\":\"https:\/\/www.amberg-zahnaerzte.ch\/relaunch\/praxis\/technologien\/\",\"url\":\"https:\/\/www.amberg-zahnaerzte.ch\/relaunch\/praxis\/technologien\/\",\"name\":\"Technologien &bull; Amberg Zahn\u00e4rzte\",\"isPartOf\":{\"@id\":\"https:\/\/www.amberg-zahnaerzte.ch\/relaunch\/#website\"},\"datePublished\":\"2022-07-11T12:40:21+00:00\",\"dateModified\":\"2023-01-21T10:18:40+00:00\",\"description\":\"Ob Laserscanner, digitales R\u00f6ntgen oder Zirkon - wir kombinieren die neusten Technologien mit jahrzehntelanger medizinischer Erfahrung.\",\"breadcrumb\":{\"@id\":\"https:\/\/www.amberg-zahnaerzte.ch\/relaunch\/praxis\/technologien\/#breadcrumb\"},\"inLanguage\":\"de-CH\",\"potentialAction\":[{\"@type\":\"ReadAction\",\"target\":[\"https:\/\/www.amberg-zahnaerzte.ch\/relaunch\/praxis\/technologien\/\"]}]},{\"@type\":\"BreadcrumbList\",\"@id\":\"https:\/\/www.amberg-zahnaerzte.ch\/relaunch\/praxis\/technologien\/#breadcrumb\",\"itemListElement\":[{\"@type\":\"ListItem\",\"position\":1,\"name\":\"Home\",\"item\":\"https:\/\/www.amberg-zahnaerzte.ch\/relaunch\/\"},{\"@type\":\"ListItem\",\"position\":2,\"name\":\"Praxis\",\"item\":\"https:\/\/www.amberg-zahnaerzte.ch\/relaunch\/praxis\/\"},{\"@type\":\"ListItem\",\"position\":3,\"name\":\"Technologien\"}]},{\"@type\":\"WebSite\",\"@id\":\"https:\/\/www.amberg-zahnaerzte.ch\/relaunch\/#website\",\"url\":\"https:\/\/www.amberg-zahnaerzte.ch\/relaunch\/\",\"name\":\"Amberg Zahn\u00e4rzte\",\"description\":\"\",\"publisher\":{\"@id\":\"https:\/\/www.amberg-zahnaerzte.ch\/relaunch\/#organization\"},\"potentialAction\":[{\"@type\":\"SearchAction\",\"target\":{\"@type\":\"EntryPoint\",\"urlTemplate\":\"https:\/\/www.amberg-zahnaerzte.ch\/relaunch\/?s={search_term_string}\"},\"query-input\":\"required name=search_term_string\"}],\"inLanguage\":\"de-CH\"},{\"@type\":\"Organization\",\"@id\":\"https:\/\/www.amberg-zahnaerzte.ch\/relaunch\/#organization\",\"name\":\"Amberg Zahn\u00e4rzte\",\"url\":\"https:\/\/www.amberg-zahnaerzte.ch\/relaunch\/\",\"logo\":{\"@type\":\"ImageObject\",\"inLanguage\":\"de-CH\",\"@id\":\"https:\/\/www.amberg-zahnaerzte.ch\/relaunch\/#\/schema\/logo\/image\/\",\"url\":\"https:\/\/www.amberg-zahnaerzte.ch\/wp-content\/uploads\/logo_amberg.svg\",\"contentUrl\":\"https:\/\/www.amberg-zahnaerzte.ch\/wp-content\/uploads\/logo_amberg.svg\",\"width\":1,\"height\":1,\"caption\":\"Amberg Zahn\u00e4rzte\"},\"image\":{\"@id\":\"https:\/\/www.amberg-zahnaerzte.ch\/relaunch\/#\/schema\/logo\/image\/\"}}]}<\/script>\n<!-- \/ Yoast SEO plugin. -->","yoast_head_json":{"title":"Technologien &bull; Amberg Zahn\u00e4rzte","description":"Ob Laserscanner, digitales R\u00f6ntgen oder Zirkon - wir kombinieren die neusten Technologien mit jahrzehntelanger medizinischer Erfahrung.","robots":{"index":"index","follow":"follow","max-snippet":"max-snippet:-1","max-image-preview":"max-image-preview:large","max-video-preview":"max-video-preview:-1"},"canonical":"https:\/\/www.amberg-zahnaerzte.ch\/relaunch\/praxis\/technologien\/","og_locale":"de_DE","og_type":"article","og_title":"Technologien &bull; Amberg Zahn\u00e4rzte","og_description":"Ob Laserscanner, digitales R\u00f6ntgen oder Zirkon - wir kombinieren die neusten Technologien mit jahrzehntelanger medizinischer Erfahrung.","og_url":"https:\/\/www.amberg-zahnaerzte.ch\/relaunch\/praxis\/technologien\/","og_site_name":"Amberg Zahn\u00e4rzte","article_modified_time":"2023-01-21T10:18:40+00:00","og_image":[{"width":2560,"height":1363,"url":"https:\/\/www.amberg-zahnaerzte.ch\/relaunch\/wp-content\/uploads\/1_neutest-scaled-e1670324667794.jpg","type":"image\/jpeg"}],"twitter_card":"summary_large_image","twitter_misc":{"Est. reading time":"4 Minuten"},"schema":{"@context":"https:\/\/schema.org","@graph":[{"@type":"WebPage","@id":"https:\/\/www.amberg-zahnaerzte.ch\/relaunch\/praxis\/technologien\/","url":"https:\/\/www.amberg-zahnaerzte.ch\/relaunch\/praxis\/technologien\/","name":"Technologien &bull; Amberg Zahn\u00e4rzte","isPartOf":{"@id":"https:\/\/www.amberg-zahnaerzte.ch\/relaunch\/#website"},"datePublished":"2022-07-11T12:40:21+00:00","dateModified":"2023-01-21T10:18:40+00:00","description":"Ob Laserscanner, digitales R\u00f6ntgen oder Zirkon - wir kombinieren die neusten Technologien mit jahrzehntelanger medizinischer Erfahrung.","breadcrumb":{"@id":"https:\/\/www.amberg-zahnaerzte.ch\/relaunch\/praxis\/technologien\/#breadcrumb"},"inLanguage":"de-CH","potentialAction":[{"@type":"ReadAction","target":["https:\/\/www.amberg-zahnaerzte.ch\/relaunch\/praxis\/technologien\/"]}]},{"@type":"BreadcrumbList","@id":"https:\/\/www.amberg-zahnaerzte.ch\/relaunch\/praxis\/technologien\/#breadcrumb","itemListElement":[{"@type":"ListItem","position":1,"name":"Home","item":"https:\/\/www.amberg-zahnaerzte.ch\/relaunch\/"},{"@type":"ListItem","position":2,"name":"Praxis","item":"https:\/\/www.amberg-zahnaerzte.ch\/relaunch\/praxis\/"},{"@type":"ListItem","position":3,"name":"Technologien"}]},{"@type":"WebSite","@id":"https:\/\/www.amberg-zahnaerzte.ch\/relaunch\/#website","url":"https:\/\/www.amberg-zahnaerzte.ch\/relaunch\/","name":"Amberg Zahn\u00e4rzte","description":"","publisher":{"@id":"https:\/\/www.amberg-zahnaerzte.ch\/relaunch\/#organization"},"potentialAction":[{"@type":"SearchAction","target":{"@type":"EntryPoint","urlTemplate":"https:\/\/www.amberg-zahnaerzte.ch\/relaunch\/?s={search_term_string}"},"query-input":"required name=search_term_string"}],"inLanguage":"de-CH"},{"@type":"Organization","@id":"https:\/\/www.amberg-zahnaerzte.ch\/relaunch\/#organization","name":"Amberg Zahn\u00e4rzte","url":"https:\/\/www.amberg-zahnaerzte.ch\/relaunch\/","logo":{"@type":"ImageObject","inLanguage":"de-CH","@id":"https:\/\/www.amberg-zahnaerzte.ch\/relaunch\/#\/schema\/logo\/image\/","url":"https:\/\/www.amberg-zahnaerzte.ch\/wp-content\/uploads\/logo_amberg.svg","contentUrl":"https:\/\/www.amberg-zahnaerzte.ch\/wp-content\/uploads\/logo_amberg.svg","width":1,"height":1,"caption":"Amberg Zahn\u00e4rzte"},"image":{"@id":"https:\/\/www.amberg-zahnaerzte.ch\/relaunch\/#\/schema\/logo\/image\/"}}]}},"_links":{"self":[{"href":"https:\/\/www.amberg-zahnaerzte.ch\/relaunch\/wp-json\/wp\/v2\/pages\/80"}],"collection":[{"href":"https:\/\/www.amberg-zahnaerzte.ch\/relaunch\/wp-json\/wp\/v2\/pages"}],"about":[{"href":"https:\/\/www.amberg-zahnaerzte.ch\/relaunch\/wp-json\/wp\/v2\/types\/page"}],"author":[{"embeddable":true,"href":"https:\/\/www.amberg-zahnaerzte.ch\/relaunch\/wp-json\/wp\/v2\/users\/2"}],"replies":[{"embeddable":true,"href":"https:\/\/www.amberg-zahnaerzte.ch\/relaunch\/wp-json\/wp\/v2\/comments?post=80"}],"version-history":[{"count":6,"href":"https:\/\/www.amberg-zahnaerzte.ch\/relaunch\/wp-json\/wp\/v2\/pages\/80\/revisions"}],"predecessor-version":[{"id":1679,"href":"https:\/\/www.amberg-zahnaerzte.ch\/relaunch\/wp-json\/wp\/v2\/pages\/80\/revisions\/1679"}],"up":[{"embeddable":true,"href":"https:\/\/www.amberg-zahnaerzte.ch\/relaunch\/wp-json\/wp\/v2\/pages\/850"}],"wp:featuredmedia":[{"embeddable":true,"href":"https:\/\/www.amberg-zahnaerzte.ch\/relaunch\/wp-json\/wp\/v2\/media\/1374"}],"wp:attachment":[{"href":"https:\/\/www.amberg-zahnaerzte.ch\/relaunch\/wp-json\/wp\/v2\/media?parent=80"}],"curies":[{"name":"wp","href":"https:\/\/api.w.org\/{rel}","templated":true}]}}